5, 5*b - 26 = 3*q. Let x(r) be the second derivative of r**5/20 + r**3/3 + 3*r**2/2 - 2*r. What is x(q)?
-9
Let t(x) be the first derivative of 2*x**3/3 + 4*x**2 + x + 133. What is t(-4)?
1
Let f(w) = -14 + 11*w + 43*w**2 - 2*w - 44*w**2 - 1. What is f(5)?
5
Let w(f) = 6*f - 21. Let x be w(4). Let r(y) = -13*y**3 + 6*y**2 + 12*y**x - 2 - 2*y - y**2 + y. Determine r(5).
-7
Let x = -197/2 + 100. Let y(b) be the second derivative of 0 + x*b**2 + 1/2*b**3 - 2*b. Calculate y(-3).
-6
Let u(n) = 8 - 1 + 6 + n. Let s be u(-11). Let o(v) = v**s - 4*v + 2*v + 2 - 3*v + 2. Calculate o(4).
0
Suppose j - 5*j = -160. Let b be ((-3)/(36/j))/(6/9). Let w(v) = v**3 + 5*v**2 - v + 7. Calculate w(b).
12
Let z be (-27)/6*8/12. Let n(k) = -k**3 - 6*k**2 - 3*k + 3. Determine n(z).
-15
Let g(j) = -4*j**2 - j - 2. Let q(z) = -9*z**2 - 2*z - 4. Let o(s) = 7*g(s) - 3*q(s). What is o(-2)?
-4
Let h(j) = -3 - 3 - 4*j + 3*j. Suppose -117*z = -108*z. Calculate h(z).
-6
Let p(x) be the second derivative of 0 - 41*x + 1/6*x**3 + 1/12*x**4 - x**2. Calculate p(-3).
4
Let p(c) = c**3 + 2*c**2 - 5*c - 3. Let g be 1 - 0 - (-27 - -4). Let h = -27 + g. Determine p(h).
3
Let y(c) be the third derivative of -c**5/60 + c**4/8 + c**3/6 - 2*c**2 - 10. What is y(3)?
1
Let q(j) = -3*j**3 + 2*j**2 + j. Let n be q(-1). Let z(v) = -10 + n*v**3 - 4*v**3 - v**3 + 7*v**2 + 9*v. Suppose -317 - 51 = -46*t. Give z(t).
-2
Let j = -808 + 806. Let v(q) be the first derivative of -q**3/3 - q**2/2 - 2*q - 4. What is v(j)?
-4
Let t(q) = 55*q - 66. Let g(p) = p - 1. Let n(m) = 66*g(m) - t(m). Let f = -517 - -516. What is n(f)?
-11
Let c(w) = 7*w**3 - 29*w**2 - 11*w + 11. Let a(z) = 3*z**3 - 13*z**2 - 6*z + 5. Let o(s) = -5*a(s) + 2*c(s). What is o(8)?
-3
Let p(a) = -a - 9. Let s(o) = -21 - 23 - 16 + 61. Let h(t) = -p(t) - 6*s(t). What is h(8)?
11
Let q(f) = -f + 9. Let h(w) = w**2 + 8*w + 5. Let u be h(0). Calculate q(u).
4
Let s(w) = w**3 - 3*w**2 - 3*w - 3. Let y be (-35)/2*(-60)/(-25). Let b be 54/14 - 6/y. Determine s(b).
1
Let p(m) = m**3 + 3*m**2 - 4*m - 4. Let g = -90 - -91. Let d be ((-10)/20)/((-1)/(g + -7)). What is p(d)?
8
Let k be 79/9 - 4/(-18). Let d(g) = -13*g**3 + g**2 - 4*g + 3. Let y be d(1). Let t = k + y. Let m(l) = l**2 + l - 4. Calculate m(t).
8
Let x be 4/(-6)*9/24*-4. Let s be 0/(x + 3 + -3). Let f(u) = -u + 3. What is f(s)?
3
Suppose 0 = 8*i - 5*i - 6. Suppose 4*j + 3*f + 4 = 0, i*f - 2 = 3*j - 16. Let r(x) = -x + 0*x**j - x**2 + 3 - x**3 - 2*x**2. Calculate r(-3).
6
Let q(g) be the second derivative of -g**3/3 - g**2/2 - 54*g. Determine q(-6).
11
Let x(g) = 4*g - 1310 + 2628 - 5*g - 1317. What is x(7)?
-6
Let m be -2 + 2/2 - 2. Let t(s) be the first derivative of s**6/360 + s**5/60 + 3*s**3 + 12. Let k(f) be the third derivative of t(f). What is k(m)?
3
Let n(s) = -18*s**2 - s. Let t = -36 + 35. What is n(t)?
-17
Let t(y) = 6*y + 180. Let h be t(-28). Let k(i) = -i**2 + 14*i - 9. Give k(h).
15
Suppose -84 = -83*z + 90*z. Let h(n) = n + 18. Calculate h(z).
6
Suppose l + 46 + 697 = 4*a, 560 = 3*a + 2*l. Let o(p) = -p**3 + 189*p**2 - 7 - a*p**2 + 7 + 2*p. Determine o(3).
6
Suppose 2*k - 11 = -3*x, 9*k = 5*x + 6*k - 31. Let t(i) = i - 5. Give t(x).
0
Let w(j) = 3*j - 2. Suppose -3*v + 5*s + 25 = -2*v, 0 = 4*v + s - 16. Suppose 12 = y + 2*y + 3*n, v*y - 20 = n. What is w(y)?
10
Let j(a) = a**3 + 5*a**2 - 2. Let f(b) = 3*b - 2*b - 2*b + 4 - b**2 - 4*b. Suppose 20 + 4 = -4*g. Let x be f(g). Give j(x).
10
Let l(n) be the first derivative of -36 - 12*n + 1/2*n**2. What is l(7)?
-5
Let i(c) be the second derivative of -1/2*c**2 + 0 + 10*c + 1/6*c**3. Calculate i(4).
3
Let y(q) = -q - 3. Suppose -b - 7 = 3. Give y(b).
7
Let d(z) = 4*z**2 - 4*z + 6. Let v be (-1)/(-2) + (-100)/(-40). Let u(s) = -7*s**2 + 9*s - 13. Let k(g) = v*u(g) + 5*d(g). Let a = -5 + 11. Give k(a).
-3
Let i(t) = -t**3 + 6*t**2 - 6*t + 6. Let v be 24/(-84) - 201/7. Let z = v - -34. Determine i(z).
1
Let r(u) be the third derivative of u**5/60 - u**4/2 + 11*u**3/6 + 5*u**2. Let t(d) = 2*d**2 - 25*d + 23. Let n(h) = 13*r(h) - 6*t(h). Calculate n(5).
0
Suppose 4*m + 5 = -7. Let i(x) = -17*x + 4. Let p(y) = 9*y - 2. Let h(r) = -6*i(r) - 11*p(r). Give h(m).
-11
Let v(m) = 8*m**2 + m. Let d = -263 + 264. Give v(d).
9
Let r(d) = 2*d**2 - d + 2. Let v = 8 - 8. Suppose v = -2*l + l. Let y(k) = -k + 2. Let j be y(l). Determine r(j).
8
Let t be (-30)/(5 + 1) + 3. Let z(u) = 2. Let d(c) = -c + 11. Let v(n) = -2*d(n) + 11*z(n). Let r(g) = 11*g - 1. Let p(q) = 2*r(q) - 10*v(q). Give p(t).
-6
Suppose 2*k + 33 = -5. Let q = -24 - k. Let y(o) = -o**2 - 2*o + 1. Let w(d) = -d**2 - 2*d + 1. Let i(x) = 3*w(x) - 4*y(x). Give i(q).
14
Let w(f) = -2*f**2 - f + 1. Suppose 9*p - 3*r = 5*p + 19, 2*r = 3*p - 14. Suppose 0*c = 2*c. Suppose -p = -4*i - c*i. Give w(i).
-2
Let f(y) = -2*y + 3. Let r = 1339 - 1350. Give f(r).
25
Let m = 14 + -8. Let q = m + -8. Let v(y) = -2 + y + 4*y - 5*y + 3*y. Give v(q).
-8
Let b(g) = -g**3 - 9*g**2 + 10*g + 2. Let m be b(-10). Let v(l) = -4*l**m + 3*l**2 + l**3 - 3*l**2 - 8 + 2 + 3*l. Give v(4).
6
Let u = -56 + 58. Let f(a) = -3 + 7*a + u*a - 20*a. What is f(-2)?
19
Let p(g) be the third derivative of 0*g + 0 - 1/24*g**4 - 4*g**2 - 3/2*g**3. Determine p(-4).
-5
Let d(o) be the third derivative of o**6/120 + 7*o**5/60 + o**4/3 + 8*o**3/3 + 30*o**2 - 5*o. Give d(-6).
4
Let i(h) = -8*h - 17. Let b(y) = -7*y - 14. Let x(k) = -5*b(k) + 4*i(k). Give x(6).
20
Let c(a) = -3*a + 20. Let d(g) = -g + 7. Suppose -h + 4*i - 31 + 12 = 0, h + 5 = -3*i. Let l(p) = h*d(p) + 4*c(p). What is l(-5)?
8
Let f = -427 - -432. Let m(s) = -s**3 + 5*s**2 - 4*s + 8. Calculate m(f).
-12
Let g(o) be the first derivative of o**3 + 41*o**2/2 + 26*o + 428. What is g(-13)?
0
Let f(p) = -p. Suppose 5*u = -4*b + 3*u - 66, 12 = -b + 4*u. Let w(n) = -8*n - 4. Let m be w(-3). Let o = m + b. Calculate f(o).
-4
Let q(o) = 9*o**2 + o + 1. Let t(c) = -2*c**2 - 61*c - 166. Let b be t(-3). Determine q(b).
9
Let n(t) be the second derivative of -t**3/3 - 5*t**2/2 + 49*t + 1. What is n(-5)?
5
Let f = -6 - -11. Suppose -f*u = 2*v - 34, -4 = -2*u + 3*u + 4*v. Suppose 3*z + u = 5. Let t(r) = 5*r**3 + r + 1. Determine t(z).
-5
Let h(k) = k**3 - 13*k**2 + 26*k - 4. Let q be h(11). Let f = q + -44. Let s(p) = p**2 + 4*p - 5. Give s(f).
-5
Suppose -3*v - 4 = 4*q - 22, -2*v + 12 = -5*q. Suppose -2*y - 4*u + 6 = -u, -2*y = u - v. Let j(k) = 0 - y + 3 + k**2 - 5 - 3*k. What is j(4)?
-1
Let z(n) = n**2 + 5*n + 5. Let h = -59 + -11. Let r = -75 - h. Calculate z(r).
5
Let g(v) be the second derivative of -2/3*v**3 - v + 1/12*v**4 - 3*v**2 + 0. Calculate g(5).
-1
Let a(v) = -2 - 1 - 3*v - 3*v + 4. Let b = 96 + -94. Give a(b).
-11
Let i(x) = -x**2 - 7*x + 2. Let g be i(-7). Suppose 3*c = -0*c. Let r = c - g. Let k(a) = -7*a - 1. Give k(r).
13
Let j(q) = -1 + 3*q + q - 3*q. Let x = -22 + 46. Let y = x + -19. Calculate j(y).
4
Let a be 1*1/((-2)/(-4)). Let t = 29 - 27. Let w(d) = -d - d - 28*d**t + 26*d**2 + d. What is w(a)?
-10
Let w(n) be the first derivative of -n**3/3 - 9*n**2/2 - 12*n - 120. What is w(-8)?
-4
Let f(l) = l + 4. Suppose -2*b + 20*u - 24*u - 294 = 0, -u - 609 = 4*b. Let o be 38/(-9) + (-34)/b. Determine f(o).
0
Let q(m) = 0 + 2 - 1. Suppose -7 = 5*h + d, -8*h + 12*h - 4*d - 4 = 0. Let o(t) = -5*t - 8. Let b(f) = h*q(f) - o(f). What is b(-5)?
-18
Suppose -u = -0*u. Let z(d) = 2*d - 7. Let c be z(u). Let l = c + 4. Let k(h) = h**3 + h**2 - 4*h - 2. Determine k(l).
-8
Let x(t) = -11 - 9*t**2 + 9 + 9*t + t**3 + 12*t**2 - 13*t**2. Let b = -12 + 21. Calculate x(b).
-2
Let m(g) be the third derivative of -5*g**4/24 + g**3/6 + 3*g**2. Let k = 130 + -134. Determine m(k).
21
Let f be 10/2 - (-42)/(-14). Suppose -f*m - m = -9. Suppose m*t = 4*r + t + 4, -3*t + 6 = 5*r. Let o(n) = n**3 + 11. What is o(r)?
11
Let g(c) = -4*c + 4. Let v(l) = -5*l + 4. Suppose -2*i - 9 = -k - 4*k, 4*i = -5*k + 27. Let x = 3 - 7. Let y(f) = i*v(f) + x*g(f). Calculate y(2).
-2
Let z(s) = -6*s + 25. Let p be z(2). Let t(c) = -c**2 + 13*c - 10. What is t(p)?
-10
Suppose 2*d - 6 = -4*s, -4*s + 10 = -4*d - 14. Let n(c) = -c**2 - 10*c + 2. Let k(o) = o**2 + 9*o - 3. Let w(m) = d*n(m) - 4*k(m). Calculate w(-5).
11
Let l be (21/5)/((-27)/(-135)). Suppose 7*s = -l - 7. Let j(v) = v**3 + 5*v**2 +